= -7*s - s + 6*s - 1 + l*s. Let m be a(1). What is x(m)?
6
Let w(y) = -y**2 + 3*y + 2. Let c = 44 - 40. Suppose -44 = 5*a + c*l, -1 = -a + l - 8. Let r = 11 + a. Give w(r).
2
Let j(g) = -8*g - 16. Let p = -384 + 378. What is j(p)?
32
Let d(o) be the third derivative of -1/60*o**5 + 7/6*o**3 - 58*o + 0 - 2*o**2 + 5/24*o**4. Give d(6).
1
Suppose 4 = -464*j + 460*j. Let t be (j - -13)/(42/21). Let w(b) = -3*b + 14. Calculate w(t).
-4
Let g(k) = 9*k**2 - k + 1. Let a be ((-45)/(-20))/((-1)/(-20)*5). Let x be ((-156)/(-18) - a) + (-8)/(-6). Calculate g(x).
9
Suppose 0 = -6*d - d - 2576. Let r be 1/(-4*4/d). Let v(a) = 20*a**2 - r*a**2 - 1 - 1. Determine v(-2).
-14
Let p = 410 + -369. Suppose -p*v = -38*v + 9. Let n(f) = 2*f**3 + 2*f**2 - f. What is n(v)?
-33
Let i(k) = -k**2 - 3*k + 1. Let c(x) = -x**2 + 7*x - 3. Let j(t) = -c(t) - 6*i(t). Let p(u) = -13*u**2 - 20*u + 5. Let s(b) = -11*j(b) - 6*p(b). Determine s(5).
23
Suppose -113 + 48 = 57*q + 49. Let j(z) = 2*z**3 + 3*z**2 + 7*z + 6. Determine j(q).
-12
Let i(a) = 27*a. Let w = 7873 + -7870. What is i(w)?
81
Let s(m) = -m**3 + 2*m**2 + 46*m - 7. Let q(v) = 38*v**2 - 189*v - 11. Let r be q(5). What is s(r)?
5
Let v(b) = 2*b + 6 - 8*b**2 + 0*b - b - b**3. Let a(r) be the second derivative of 4*r**3/3 + 232*r**2 + 351*r. Let m be a(-59). What is v(m)?
-2
Let h(g) = 7*g + 55. Let q(a) = -a**2 + 40*a + 169. Let x be q(44). Give h(x).
6
Let p be (-2 + -2 + 198/63)*-7. Let n(f) = -f + 8. Determine n(p).
2
Let l(s) = s**3 + 9*s**2 + 17*s - 8. Suppose -2 = p - 937*k + 935*k, -4 = p - k. Give l(p).
-2
Let q(p) be the third derivative of -p**6/120 - 7*p**5/60 - 5*p**4/8 - 19*p**3/6 - 243*p**2. Give q(-5).
6
Let x(w) be the third derivative of -w**7/1008 + w**6/720 + 71*w**5/60 - 49*w**2. Let g(q) be the third derivative of x(q). What is g(2)?
-9
Let s(m) be the third derivative of m**4/3 + 13*m**3/6 + 1290*m**2. Determine s(-8).
-51
Let l(y) = -2*y**3 - 40*y**2 - y - 22. Suppose 8723*v = 8763*v + 800. Determine l(v).
-2
Let l(f) = -7*f - 4 - f**2 + 2 + 1. Let w(v) = 27*v - 25. Let o be w(7). Let x = o + -170. Determine l(x).
5
Let r(g) = -g - 11. Let a = -58 + 87. Suppose -8*o - 143 = -3*o + c, -c + 60 = -2*o. Let b = o + a. Calculate r(b).
-11
Let h be (-3)/(81/30) - (-3048)/216. Let d(g) = -g**2 + 20*g - 87. Calculate d(h).
4
Let o(k) be the third derivative of -k**6/120 + k**5/20 + k**4/4 + k**3/6 - 76*k**2. Calculate o(4).
9
Let w be -1 + (40/100)/((-1)/(-6730)). Let a(y) = 2691 + 9*y**2 - w. Let d = 23 + -24. Calculate a(d).
9
Let u = -109 - -137. Let h be 16/28 + 208/u. Let l(v) = -v**2 + 9*v - 10. Give l(h).
-2
Let d(u) = -u**3 + u**2 - 5. Let s be d(0). Let j(h) = -4353127*h**2 - 6*h + 8706252*h**2 + 4 - 4353128*h**2. Give j(s).
-41
Let m(y) = 5*y - 6. Let r(i) = 2 + 11 - 12 - i. Let u(t) = -m(t) - 6*r(t). Let s be ((-12)/(-20))/(1/10). What is u(s)?
6
Suppose 2 + 14 = -2*u. Let j(r) be the third derivative of -r**4/6 - 23*r**3/6 + 35*r**2. Let g(z) = z + 6. Let i(w) = -9*g(w) - 2*j(w). Determine i(u).
0
Let j(i) = i**3 + 39*i**2 + 322*i - 47. Let d be j(-27). Let v(m) = m**3 - 6*m**2 + m - 4. Determine v(d).
52
Let n(w) = 3*w + 6. Let y(s) = -4*s - 7. Let r be (3 - 7/(-2))*2. Suppose -20 = r*g - 8*g. Let j(t) = g*y(t) - 5*n(t). What is j(2)?
0
Suppose -5*h + 75 = -4*v, -8*v = -h - 5*v + 15. Let y(u) = -14 - h*u + 22*u - 5*u. Calculate y(7).
0
Suppose 12 = -3*h, -y - h + 3*h = 0. Let k be (-22 - -20)/(2/y). Let p(b) = -b**3 + 7*b**2 + 10*b - 8. What is p(k)?
8
Let g(t) = t**2 + 2*t - 13. Let l = 937 - 447. Let s = l + -494. Give g(s).
-5
Let a(q) = q - 6. Suppose 0 = 24*o - 28*o + 200. Let n = 5 - -9. Suppose -6*u = -o + n. What is a(u)?
0
Let s(b) = -b**2 - 2*b + 7. Suppose 31*f = 16*f + 690. Let a(k) = 6*k - 9. Let q be a(-7). Let z = q + f. Determine s(z).
-8
Suppose 72 = -25*z - 3. Let b(n) = -17*n - 2. Give b(z).
49
Suppose -53*x + 142 = -51*x. Let r(t) = 41*t - x*t + 39*t. Let d(o) = o**2 - 5*o - 1. Let k be d(5). Calculate r(k).
-9
Let z(j) = j**3 - 9*j**2 - 11*j + 15. Let t = -1954 + 1964. Give z(t).
5
Let z(d) = 55*d - 2. Let v(k) = k**3 - 37*k**2 + 287*k - 25. Let t be v(26). Determine z(t).
53
Let j(d) be the third derivative of -d**7/1680 - d**6/120 - 17*d**5/15 - 135*d**2 + 2*d. Let f(m) be the third derivative of j(m). What is f(-4)?
6
Let y(k) be the third derivative of 0 + 0*k + 1/24*k**4 - 21*k**2 + 11/6*k**3 - 1/60*k**5. What is y(0)?
11
Let k be (-92)/(-7)*42/12. Let u = 12 - 7. Suppose k = -u*j + 6. Let c(o) = o**2 + 6*o - 2. Determine c(j).
14
Let f be (-5)/(-2) - 2/(-4). Suppose -c + f = c + u, 0 = 4*c + 3*u - 11. Let p(v) = 22*v. Let b(o) = 10*o. Let l(z) = -10*b(z) + 4*p(z). Determine l(c).
12
Suppose -377 = -299*p - 78. Let s(d) = -40*d**3 + d**2 - 2*d + 1. What is s(p)?
-40
Let j(r) be the first derivative of 5*r**3/3 + 3*r**2/2 + 2*r + 1015. Give j(-3).
38
Suppose 23*a - 49 - 43 = 0. Suppose 5*p = -z + 53, 3*z - 14 = -a*p + 35. Let t(h) = h**2 - 11*h + 1. What is t(p)?
-9
Let h(o) = -o**2 - 7*o + 19. Let m(b) = -14*b**2 - 224*b - 8. Let a be m(-16). What is h(a)?
11
Let v = -386 - -380. Let n be v/8 - (-513)/108. Let u(b) = -5*b - 5. Give u(n).
-25
Let u = -1 - 0. Let d(f) be the second derivative of -1/2*f**2 - 1/4*f**4 + 96*f + 0 - 1/3*f**3. What is d(u)?
-2
Let z(v) be the first derivative of -v**2/2 + 4*v - 1647. Determine z(-2).
6
Let w(n) be the third derivative of -n**5/15 - n**4/8 + 3*n**3/2 + 1070*n**2 - n. Give w(4).
-67
Suppose 2*h = 2*l - 7 + 11, 0 = 11*l + h + 82. Let a(n) = -2*n - 22. What is a(l)?
-8
Let v(r) = -6*r**3 - r**2 - 8*r - 3. Suppose 20*l + 15 = 115. Let n(t) = 7*t**3 + t**2 + 9*t + 3. Let a(j) = l*n(j) + 6*v(j). Give a(-2).
7
Let x be 1/(5/(-360)*-9). Let j(k) = -3 + 2 - 5 + 22 + x + 2*k. What is j(-11)?
2
Let z = -32923 + 32872. Let l(k) = k**2 + 54*k + 140. Determine l(z).
-13
Let z(k) = -16*k + 229. Let d(s) = -2043*s + 8186. Let m be d(4). Give z(m).
5
Let t(s) be the first derivative of -3*s**2/2 + 2*s + 9769. Let d(v) = -5*v**2. Let p be d(1). What is t(p)?
17
Let i = 376 + -360. Let u be -9*(-1)/(-2)*-4. Let k = u - i. Let h(d) = -2*d**2 - 2*d + 1. Determine h(k).
-11
Let t(r) = -r**3 + r + 6 - 4*r + 0*r + 4*r**2. Let j = -35857 - -35861. Determine t(j).
-6
Let m(n) be the third derivative of 2/3*n**3 + 0*n + 2*n**2 + 1/24*n**4 + 0. What is m(-4)?
0
Let g be (4 + (-192)/42)*1/((-14)/49). Let k(u) be the third derivative of -1/6*u**3 - 29*u**g + 1/60*u**5 + 7/24*u**4 + 0*u + 0. Calculate k(-3).
-13
Let z(o) = 8*o**2 + o - 1. Let c(a) = 23*a**2 - 17. Let w(n) = -c(n) + 3*z(n). Calculate w(-6).
32
Let u(o) = 9*o - 3. Let r be 123/30 - 9*7/630. Give u(r).
33
Let d(v) = -v**2 + 11*v + 60. Let s be d(15). Suppose 0 = -3*l - 9, 4 + 0 = 5*r + 2*l. Let n(q) = 2*q**r - q**2 - 3 + 2 + 2. Give n(s).
1
Let n(v) = -3*v - 2. Let f(m) = -m**2 + 2*m + 19. Let u be f(8). Let k = -17 - u. Suppose k*b - 3 = -39. Determine n(b).
7
Suppose -c = 3*a - 73 + 72, 0 = 3*c + 5*a - 7. Suppose -282 = c*b - 274. Let n(s) = 7*s. What is n(b)?
-14
Let r = -265 - -1605. Suppose 4*d - 2216 = r. Let l(x) = -7*x + 888 + 3*x - d + x**2. What is l(5)?
4
Let r(l) = -14*l + 6. Let j(a) = 29*a - 11. Let n(x) = -3*j(x) - 5*r(x). Let i(g) = -3*g. Let v(z) = 6*i(z) - n(z). Determine v(3).
-6
Let w(m) be the first derivative of -3*m**2/2 + 68*m - 134. What is w(12)?
32
Let j(h) be the first derivative of -7*h**2/2 - 143*h - 3740. Calculate j(-20).
-3
Suppose 4*j - 26 = 2*o + 4, o + 20 = 3*j. Suppose j*q + 2*g - 75 = -3*g, -4*q - g + 57 = 0. Let t(k) = -6*k - q*k + 4 + 19*k. Calculate t(5).
-1
Suppose -2*u = -c - 3, -6*c = -3*u - 4*c + 4. Let n(l) = -2*l**2 + l - u*l**3 - 148 + 146 + 5*l**2. What is n(2)?
-4
Let d(u) = 9*u**3 - 6*u**2 + 22*u - 19. Let s(i) = 2*i**3 + 3*i - 5. Let c(y) = d(y) - 4*s(y). Determine c(4).
9
Suppose -10*c = -9*c - 4. Suppose -274 = -4*l + c*x - 2*x, 0 = l - x - 70. Let j(k) = -1 + 68*k**3 + 6*k**2 + 2*k - l*k**3 + 1. Calculate j(-5).
15
Let q(d) = 3*d**2 - 19*d + 10. Let t(w) = w**2. Let v(l) = -q(l) + t(l). Suppose 63 = -47*s + 54*s. Give v(s).
-1
Let w(c) = c**3 + 39*c**2 + 244*c - 30. Let z be w(-8). Let r(q) = 4*q - 2. Calculate r(z).
6
Let b(u) = 0*u**2 - u**2 - 32 + 2*u + 34 + 5*u**3. Let f = -42 + 51. Let k(v) = 11*v**3 - v**2 + 3*v + 5. Let j(s